 + 433. Determine f(11).
-7
Let k(a) = a**2 - 159*a + 1327. Calculate k(9).
-23
Let f(u) = u**2 - 54*u + 314. Determine f(48).
26
Let q(r) = r**3 - 12*r**2 + 20*r + 6. Calculate q(10).
6
Let f(s) = -25*s - 151. What is f(-6)?
-1
Let c(m) = -m**2 - 670*m + 2691. Give c(4).
-5
Let p(v) = 528*v + 487. Determine p(-1).
-41
Let t(q) = 2*q**3 + 19*q**2 - 15*q - 307. Give t(-8).
5
Let p(v) = 2849*v - 65527. Give p(23).
0
Let l(m) = m**3 - 40*m**2 + 53*m + 879. What is l(38)?
5
Let q(r) = -1417*r + 4240. Calculate q(3).
-11
Let d(a) = -36*a - 3520. Give d(-95).
-100
Let o(x) = 98*x**2 - 593*x + 11. What is o(6)?
-19
Let v(m) = -m**2 - 25*m - 71. Calculate v(-21).
13
Let u(j) = 2*j**3 + 53*j**2 - 82*j + 3. What is u(-28)?
-53
Let w(j) = 6*j**2 - 153*j + 15. Give w(25).
-60
Let d(x) = -x**3 - 18*x**2 - 82*x - 6. What is d(-8)?
10
Let l(c) = c**3 - 52*c**2 - 620*c - 4. What is l(62)?
-4
Let i(c) = -c**3 + 10*c**2 + 384*c - 3205. Give i(8).
-5
Let z(w) = w**2 - 55*w + 696. Determine z(27).
-60
Let x(s) = s**2 - 834*s - 15285. Determine x(-18).
51
Let b(k) = -4*k**2 - 31*k + 288. Calculate b(7).
-125
Let s(l) = -2*l**3 - 31*l**2 - 9*l + 88. Determine s(-15).
-2
Let c(a) = 381*a - 3499. Calculate c(11).
692
Let t(d) = 29*d + 911. Give t(-12).
563
Let l(w) = 9*w**2 + 46*w + 7. Give l(-5).
2
Let o(p) = -p**2 + 13*p + 177. What is o(21)?
9
Let q(n) = -7701*n + 15399. Calculate q(2).
-3
Let u(v) = -9*v**2 - 488*v + 375. What is u(-55)?
-10
Let z(b) = b**3 + 40*b - 128. Calculate z(4).
96
Let z(f) = -f**2 - f + 40. Determine z(-4).
28
Let n(s) = s**3 + 42*s**2 + 80*s + 32. Calculate n(-40).
32
Let u(i) = -105*i**2 - 12*i - 12. What is u(-1)?
-105
Let d(m) = 8*m**2 - 137*m + 148. What is d(16)?
4
Let u(i) = -5*i**2 + 23*i - 36. Determine u(7).
-120
Let n(y) = -y**3 - 7*y**2 - 16*y - 39. Calculate n(-6).
21
Let s(k) = -5*k - 652. Give s(-10).
-602
Let f(h) = 125*h + 997. Give f(-9).
-128
Let t(i) = -18*i**2 + 39*i - 1. What is t(1)?
20
Let z(h) = -4*h**3 - 4*h**2 + 34*h - 61. Give z(2).
-41
Let q(y) = -342*y - 6. Determine q(-1).
336
Let j(z) = 328*z + 673. Calculate j(-2).
17
Let q(g) = 21*g - 245. Determine q(10).
-35
Let n(t) = 117*t + 946. Calculate n(-8).
10
Let j(b) = 24*b + 566. Determine j(-22).
38
Let a(z) = 29*z**2 - 1275*z - 25. Give a(44).
19
Let v(m) = -210*m - 14468. What is v(-69)?
22
Let g(z) = z**2 + 51*z - 334. What is g(6)?
8
Let q(z) = -z**2 + 11*z - 18. Give q(6).
12
Let k(b) = -2*b**2 + 44*b + 436. Give k(-8).
-44
Let k(a) = 1242*a + 7. Give k(0).
7
Let d(u) = 7*u**2 - 11*u - 34. Calculate d(-13).
1292
Let w(s) = s**2 + 31*s - 362. Determine w(9).
-2
Let z(j) = 39*j**3 + 11*j**2 + j - 3. Calculate z(1).
48
Let l(m) = m**2 - 11*m + 49. Calculate l(-17).
525
Let v(y) = -y**2 + 24*y + 286. Give v(33).
-11
Let l(s) = s**3 - 10*s**2 + 36*s - 185. Calculate l(12).
535
Let k(z) = 38*z**2 + 744*z - 46. Calculate k(-20).
274
Let z(w) = 24*w + 300. What is z(-20)?
-180
Let o(k) = -973*k - 22385. Calculate o(-23).
-6
Let m(l) = 19*l + 1400. Give m(-76).
-44
Let z(q) = -q**2 + 59*q - 860. Calculate z(32).
4
Let s(i) = 2*i**2 + 72*i + 33. Give s(-38).
185
Let w(j) = -38*j + 3288. Give w(86).
20
Let j(o) = -2*o**2 - 23*o + 237. Calculate j(-18).
3
Let j(b) = -9*b**3 + 2349*b**2 + 6*b - 1554. Determine j(261).
12
Let f(i) = -3*i**3 - 6*i**2 - 6*i + 28. Calculate f(-4).
148
Let f(m) = -8*m**2 - 58*m + 217. What is f(-10)?
-3
Let t(v) = -6*v**2 + 42*v - 28. Calculate t(8).
-76
Let b(o) = 2*o**3 + 242*o**2 - 485*o + 844. What is b(-123)?
-17
Let f(r) = -265*r - 1845. Give f(-7).
10
Let u(a) = -21*a - 45. What is u(5)?
-150
Let k(a) = -78*a - 144. Calculate k(-2).
12
Let y(m) = -m**3 + 6*m**2 + 128*m + 146. Calculate y(15).
41
Let h(a) = -5*a**2 - 86*a + 20. Calculate h(-20).
-260
Let b(j) = -225*j**3 + 9*j**2 + 2*j. What is b(-1)?
232
Let g(r) = r**3 - 133*r**2 + 4409*r + 58. Calculate g(63).
-5
Let u(c) = 7*c**2 + 136*c - 16. Calculate u(0).
-16
Let r(x) = -13*x - 500. Determine r(-56).
228
Let v(b) = -15*b**2 + 28*b + 226. Give v(-7).
-705
Let k(u) = 17*u**2 + 288*u + 10. Determine k(-16).
-246
Let n(i) = -3*i**3 - 18*i**2 - 21*i - 31. Calculate n(-5).
-1
Let q(l) = 2*l**2 - 112*l - 1960. Give q(70).
0
Let u(w) = -w**2 - 243*w - 731. Give u(-3).
-11
Let k(y) = 2*y**2 - 16*y - 11. Calculate k(-4).
85
Let w(c) = -30*c**2 - 183*c + 35. What is w(-5)?
200
Let x(m) = -3*m**3 + 47*m**2 + 21*m - 36. What is x(16)?
44
Let j(s) = -855*s - 16256. Determine j(-19).
-11
Let i(a) = 2*a**3 - 29*a**2 - 28*a - 322. Give i(16).
-2
Let g(m) = -94*m + 1773. Calculate g(19).
-13
Let g(h) = h**3 + 14*h**2 + 87*h + 840. What is g(-12)?
84
Let d(u) = -161*u + 323. What is d(2)?
1
Let w(b) = -15823*b + 142409. What is w(9)?
2
Let a(c) = 23*c**2 + 7*c - 11. What is a(2)?
95
Let v(w) = 307*w + 6420. Calculate v(-21).
-27
Let m(z) = -z**3 + 21*z**2 - 77*z + 1201. Determine m(20).
61
Let t(g) = -g**3 + g**2 - 41*g + 257. Calculate t(5).
-48
Let i(y) = y**2 + 199*y - 43692. Determine i(-331).
0
Let v(u) = 21*u**2 + 6*u - 8. What is v(2)?
88
Let h(b) = -b**3 + 14*b**2 - 7*b - 36. What is h(12)?
168
Let g(x) = 3*x**2 - 160*x + 99. Give g(53).
46
Let y(v) = 283*v + 13874. Determine y(-49).
7
Let z(v) = -3*v**2 + 15*v + 66. What is z(-5)?
-84
Let m(k) = k + 1074. Determine m(3).
1077
Let p(i) = -i**3 + 17*i**2 + 109*i - 1. Give p(-5).
4
Let c(f) = -2*f**3 + 29*f**2 + 222*f - 42. What is c(20)?
-2
Let k(o) = 17*o**3 + 272*o**2 - 7*o - 75. Calculate k(-16).
37
Let j(p) = 222*p + 447. What is j(-2)?
3
Let o(i) = 591*i + 5314. Determine o(-9).
-5
Let g(q) = 315*q - 11270. Give g(36).
70
Let o(i) = i**2 - i - 146. Give o(-11).
-14
Let v(f) = 7*f**2 + 118*f + 64. Calculate v(-16).
-32
Let s(i) = 4*i**2 - 28*i - 38. What is s(11)?
138
Let o(l) = l**2 - 2110*l + 12622. Determine o(6).
-2
Let d(m) = 5*m - 162. Calculate d(37).
23
Let i(o) = o**2 - 149*o + 2585. Calculate i(20).
5
Let k(b) = 1367*b - 10940. Calculate k(8).
-4
Let h(c) = 6*c**2 - 4*c - 22. What is h(5)?
108
Let o(g) = 2*g**2 - 62*g - 210. Give o(-4).
70
Let a(n) = -2*n**3 - 62*n**2 + 65*n - 57. Determine a(-32).
-89
Let v(w) = 46*w**3 + 405*w + 406. Determine v(-1).
-45
Let t(v) = 40*v - 8. Determine t(6).
232
Let j(s) = -3*s**3 + 55*s**2 - 81*s + 230. Calculate j(17).
9
Let m(p) = -430*p - 1720. Determine m(-4).
0
Let n(o) = 3*o**3 + 11*o**2 + 2*o + 18. What is n(-4)?
-6
Let z(s) = 43*s - 14031. Give z(326).
-13
Let k(d) = -d**3 - 20*d**2 + 57*d + 287. Give k(-22).
1
Let k(j) = -30*j + 69. What is k(-2)?
129
Let s(c) = -c**2 + 15*c - 133. What is s(0)?
-133
Let s(f) = -6*f - 19. Give s(-11).
47
Let g(f) = 86*f + 3842. What is g(-45)?
-28
Let a(r) = -r**3 + 3*r**2 - 5*r + 474. Calculate a(0).
474
Let v(c) = 2*c**3 - 100*c**2 + c - 85. Calculate v(50).
-35
Let f(t) = t**3 - 31*t**2 - 223*t + 43. Determine f(37).
6
Let a(u) = -29*u**2 - 12*u + 85. Calculate a(-2).
-7
Let z(m) = 3*m - 171. What is z(64)?
21
Let v(i) = i**2 - 62*i + 178. Determine v(57).
-107
Let f(i) = 6*i**3 - 98*i**2 + 121*i - 65. What is f(15)?
-50
Let r(g) = -g**3 - 38*g**2 + 75*g + 36. Calculate r(-40).
236
Let g(j) = -102*j**2 + 1236*j - 144. Give g(12).
0
Let l(v) = 9019*v + 261551. Determine l(-29).
0
Let n(f) = 4*f + 250. Calculate n(-40).
90
Let n(z) = 37*z + 1317. Calculate n(-35).
22
Let s(m) = -m**3 - 26*m**2 + 60*m - 16. Calculate s(-28).
-128
Let v(m) = -3*m**3 + 479*m**2 + 165*m - 795. Calculate v(160).
5
Let d(r) = 187*r**2 + 760*r + 5. What is d(-4)?
-43
Let s(m) = -144*m - 386. Determine s(-3).
46
Let c(n) = -n**3 + 4*n**2 - 28*n + 150. What is c(5)?
-15
Let o(d) = 44*d**2 - 5*d - 1. Calculate o(1).
38
Let m(w) = w**3 - 11*w**2 - 7*w + 18. Give m(11).
-59
Let n(z) = -160*z + 6. Give n(0).
6
Let l(r) = -152*r - 373. What is l(-4)?
235
Let j(v) = 2*v**2 - 31*v - 10. Determine j(20).
170
Let u(q) = -q**3 - 10*q**2 + 7*q + 43. What is u(-10)?
-27
Let u(r) = r + 28. What is u(7)?
35
Let j(b) = 51*b - 3471. Give j(68).
-3
Let n(a) = 5*a**2 - 14*a + 28. Calculate n(7).
175
Let z(m) = -267*m - 1591. What is z(-6)?
11
Let v(j) = 46*j**2 - 8*j + 8. Determine v(3).
398
Let m(y) = y**3 + 10*y**2 + 20. What is m(-9)?
101
Let k(c) = c**3 - 8*c**2 - 125*c + 36. Give k(-8).
12
Let w(d) = -6*d**2 + 29*d - 104. Determine w(8).
-256
Let j(t) = 101*t + 498. Calculate